 divided by v?
4
Let k = 61 + -36. What is the remainder when k is divided by 13?
12
Let s(k) = -k - 1. Let l be s(1). Let c be 4/3*(-342)/(-12). Calculate the remainder when 49 is divided by -1*c/l + -2.
15
What is the remainder when 57 is divided by (-1 - -4 - 1)/(2/21)?
15
Let o = -8 - -13. Let p(f) = -f**3 + 5*f**2 + f + 3. What is the remainder when 14 is divided by p(o)?
6
Suppose 2*p - 26 = -6. Suppose -5*l - 24 = -3*b, 0*b + l - 3 = -2*b. What is the remainder when p is divided by b?
1
Let y(r) = -r**3 + 6. Suppose 0 = -2*o + 12*o - 100. What is the remainder when o is divided by y(0)?
4
Suppose 0 = 3*b - 3*t - 50 - 64, 155 = 5*b + 2*t. What is the remainder when b is divided by 7?
5
Let d(o) = o**2 - 3*o - 6. Let j = 2 - -3. Let z be d(j). What is the remainder when 17 is divided by (8/(-10))/(z/(-30))?
5
Let u be (2 - -2)*52/(-16). Let n = u + 45. Suppose 21 = y + 4. Calculate the remainder when n is divided by y.
15
Suppose 5*o - 1089 = 151. Calculate the remainder when o is divided by 25.
23
Let l = 29 + -25. Calculate the remainder when l is divided by 3.
1
Suppose 0 = 3*t - 71 + 29. Suppose -2*k + 40 = 4*n, -k + 20 = -0*n + 4*n. Let h = 6 + k. What is the remainder when h is divided by t?
12
What is the remainder when 118 is divided by 30 - 0/(9/(-3))?
28
Let a(p) = p**2 + 17*p + 21. Calculate the remainder when 80 is divided by a(-17).
17
Calculate the remainder when 1*(13 + -2)*1 is divided by 7.
4
Let g(j) = j**2 + 2*j + 1. Let n be g(-5). Let i = -4 + 2. Let a = n + i. Calculate the remainder when 54 is divided by a.
12
Let b = 11 + -7. Let o(n) = n**3 - 2*n**2 + n. Let q = 25 + -6. Calculate the remainder when o(b) is divided by q.
17
Let t = -6 - -6. Let c(v) = -v + 13. Suppose 2*j = -2*y + j + 93, 5*j - 122 = -3*y. What is the remainder when y is divided by c(t)?
10
What is the remainder when (-2)/(2/(-23)) - 2 is divided by 6?
3
Let h(f) = f**2 - 2*f - 10. Calculate the remainder when h(-7) is divided by 11.
9
Let v(m) = 3*m**2 - 2*m - 2. Let l(w) = 2*w**2 + 4*w + 10. What is the remainder when l(-5) is divided by v(-2)?
12
Suppose -2*s + 3 = -3. Let y = 44 - 13. Calculate the remainder when y is divided by (16/5)/(s/15).
15
Suppose -4*s + 48 = -4. Let h be (s/2 + 0)*-2. Let o = h - -28. Calculate the remainder when 27 is divided by o.
12
Suppose 0 = -4*l - 9 - 11. Let z = 9 + l. Suppose z*g = 3*g - 3*p + 26, 0 = -5*g - 5*p + 80. What is the remainder when 31 is divided by g?
9
Suppose 3*x = 2*x + 2. Let q be (-2 + x - 2)/(-1). Suppose -q*k + 8 = -0. Calculate the remainder when 11 is divided by k.
3
Let u = 341 - 331. Let f = 24 + 3. Calculate the remainder when f is divided by u.
7
Calculate the remainder when 13 is divided by (-1 - 3)*((-3)/6 + -1).
1
Let x(u) = -u + 2. Let d(q) = 2*q + 4. Let o be d(-3). Let s = 1 - o. Calculate the remainder when x(-8) is divided by s.
1
Suppose 11*b + 25 = 16*b. Calculate the remainder when b is divided by 1.
0
Suppose 0 = -2*x + 7 - 1. Suppose 0*y - x*c = 2*y - 52, 4*c - 50 = -2*y. What is the remainder when y is divided by 15?
14
Let q = 44 - 24. What is the remainder when 77 is divided by q?
17
Suppose -12 = -7*z + 4*z. Suppose 0*r + 4*r + 11 = y, -2*r = -z*y + 72. Calculate the remainder when y is divided by 10.
9
Let g be (3 - 2 - 2)*-5. Let c = g + 20. Suppose -2*h = 7 - 33. Calculate the remainder when c is divided by h.
12
Suppose -3*k - 4*i = -11, 2*i + 4 = -3*k + i. Let n = k + 5. Suppose 9 + 6 = u + n*y, 0 = -4*u + 4*y + 12. What is the remainder when 19 is divided by u?
5
Let c(d) = d**3 + 13*d**2 + 4*d + 3. Let u(w) = -w**2 - w + 1. Let p(m) = c(m) + 4*u(m). Calculate the remainder when 19 is divided by p(-9).
5
Let l(w) = 13*w + 5. What is the remainder when l(6) is divided by 17?
15
Suppose -2*o - 2*o - 2*c + 64 = 0, 0 = 5*o - c - 73. What is the remainder when 74 is divided by o?
14
Let x(a) = 2*a + 1 - 4 + 3 - 1. What is the remainder when x(9) is divided by 9?
8
Let h(n) = 115*n**2 - 1. What is the remainder when h(1) is divided by 13?
10
Let a be 27/(-2) - 3/(-2). Suppose 3*n - 44 = n - 2*x, 3*n - 31 = 4*x. Let f = n + a. Calculate the remainder when f is divided by 2.
1
Suppose 0 = -3*d - 3*k + 24, -d + k = -0 + 2. Suppose d*m + 16 = 7*m. What is the remainder when 11 is divided by m?
3
Suppose -8*l + 40 = -7*l. Calculate the remainder when l is divided by 23.
17
Suppose 0 = 5*v + 4*k - 66, -k + 29 = 2*v - 2*k. Calculate the remainder when 40 is divided by v.
12
Let f = 72 - 38. Calculate the remainder when f is divided by 9.
7
Let t = -5 - -9. Calculate the remainder when -1 - (1*-25 + 1) is divided by (-2)/t - 17/(-2).
7
Let t be (-1)/(2/(-10) - 0). Suppose 10*q = t*q + 85. Calculate the remainder when 32 is divided by q.
15
Let o = -14 - -21. Suppose 0 = -5*t + 5*w + 55, -2*w - 3*w - o = -2*t. Suppose -i - 35 = -65. Calculate the remainder when i is divided by t.
14
Let u(l) = -l + 12. Calculate the remainder when 65 is divided by u(-10).
21
Let w(j) = 3*j + 0*j + 7 + j**2 - 7*j. Calculate the remainder when 34 is divided by w(5).
10
Suppose 0*y = -3*y + 6. What is the remainder when 3 is divided by y?
1
Let o = -21 + 47. Calculate the remainder when o is divided by 15.
11
Suppose 4*a - 2*z + 82 = a, -a + 5*z = 23. Let c = 34 + a. Calculate the remainder when 17 is divided by c.
5
Let i(y) = 3 - 4*y - 8 + 0. Calculate the remainder when 21 is divided by i(-4).
10
Suppose 5*k = -0*k + 20. Suppose 0 = -0*l - k*l + c + 91, 0 = -l + c + 25. What is the remainder when l is divided by 12?
10
Let x be 143/(-3)*(-4 - -1). Let g = -4 - -7. Suppose g*n + 26 = x. What is the remainder when n is divided by 14?
11
Suppose 5*t = 2*m - 102, 0*t - 2*t = -m + 49. Calculate the remainder when m is divided by 22.
19
Suppose -l = -3*l + 60. Let k = -18 + l. What is the remainder when 47 is divided by k?
11
Suppose 7*o - 2*o = 110. What is the remainder when 42 is divided by o?
20
Suppose -2 = -2*i, 75 = 2*s - 0*s - 5*i. Suppose 4 = 2*g + 4*p + 30, -g - 3*p - 8 = 0. Let y = -9 - g. Calculate the remainder when s is divided by y.
12
Suppose 0*d = 3*d - 237. Suppose -f - d = -5*b, 5*f + 23 = 2*b - 4. Let k = b + -6. Calculate the remainder when 18 is divided by k.
8
Let b(z) = 23*z**2 + 2*z + 2. What is the remainder when b(-1) is divided by 9?
5
Suppose 0 = -4*w + 130 - 34. Let y = -15 + w. Calculate the remainder when 16 is divided by y.
7
Suppose -3*q + 9 = d, -2*q + 7 = 4*d - 9. Let j(t) = 0*t - q + 0*t + 5*t. Calculate the remainder when j(4) is divided by 10.
8
Suppose d + 20 = 79. Let v = 23 - 11. Calculate the remainder when d is divided by v.
11
Suppose 0 = -4*b + 128 + 64. Calculate the remainder when b is divided by 25.
23
Suppose -23 + 3 = -h. Let p = 30 - h. Calculate the remainder when p is divided by 6.
4
What is the remainder when (-9)/(-4) - (-7)/(56/6) is divided by 1?
0
Calculate the remainder when 28 is divided by (30/(-9) - -2)*(-132)/16.
6
Let t(i) = -4*i - 8. Let z be t(-15). Suppose 5*f + 55 - 2 = 3*l, 4*l - 2*f - z = 0. Calculate the remainder when 21 is divided by l.
10
Suppose 0 = 4*y - 12. Let b = -1 + y. Suppose b = 3*g + 5*c - 2, 0 = -2*g + c + 20. Calculate the remainder when 30 is divided by g.
6
Calculate the remainder when 67 is divided by (-23)/2*(-5)/(5/2).
21
Let q(r) = 19*r. Let z be q(2). Suppose -a + 18 = 3*l - 0*a, a = 5*l - z. Calculate the remainder when l is divided by 3.
1
Calculate the remainder when (-12)/(-3)*(-1 - -7) is divided by 13.
11
Let f(b) = -5 + b + b + 9 - 11*b. Calculate the remainder when 63 is divided by f(-2).
19
Suppose -2*b - 3*p = -5 - 13, -4*p = -4*b - 4. Let r(i) = i - 2. Suppose 3*m - 30 = 2*h - 6*h, -6 = -3*m. What is the remainder when r(h) is divided by b?
1
Let m = 20 + -11. Calculate the remainder when 17 is divided by m.
8
Let v = 127 + -79. Calculate the remainder when 237 is divided by v.
45
Let u = 3 - -15. Calculate the remainder when 32 is divided by u.
14
Let u(d) = -d**2 + 8*d - 7. Let x be u(6). Suppose -x*y + r = 4*r - 18, 2 = y - r. What is the remainder when 30 is divided by y*3 + 7/(-7)?
6
Let m be ((-2)/(-4))/((-3)/(-204)). Suppose -2*s = z - 68, 0*s - 3*z = s - m. What is the remainder when s is divided by 18?
16
Let t = -6 + 6. Suppose -3*o - 2*s = -s - 52, t = 5*o - 3*s - 68. Suppose 2*d 